-n. Let a = x + 78. Calculate the highest common factor of 13 and a.
13
Let o = -86 - -101. Calculate the highest common divisor of 75 and o.
15
Let a be (7/21)/((-1)/15). Let f = a + 3. Let t = f - -3. What is the greatest common divisor of 9 and t?
1
Let f = 1 - 6. Let i = f + 79. Suppose -5*w = 5*r - 105, w - i = -4*r + 4. What is the highest common divisor of 133 and r?
19
Let y(o) = -o - 47. Let n be y(0). Let s be 1 + -4 + (91 - 6). Let r = n + s. What is the highest common divisor of 5 and r?
5
Suppose 3*i = -i + 8. Suppose -i*o = -o - 20. What is the highest common factor of o and 5?
5
Suppose 4*p + 0*q - q = -88, 2*q = 0. Let r be p/((-3)/(78/4)). Let f be 25/2 - (-1)/2. Calculate the highest common divisor of r and f.
13
Let x(u) = -u**2 - 7*u - 1. Let n be x(-7). Let l be (-3 - n) + (-3)/(-1). Let a be (-36)/(-2) - (-2 - l). Calculate the highest common divisor of a and 3.
3
Let q be 12/(0 + 2/4). Suppose -3*h = -v - 6*h - 12, v = -4*h - 17. What is the highest common divisor of v and q?
3
Let g = -8 + 14. Suppose -u + g*u = -2*f + 200, u - 274 = -3*f. Calculate the highest common divisor of f and 36.
18
Suppose -o = 2*q - 1 - 20, 4*q - 4*o - 36 = 0. What is the highest common factor of q and 20?
10
Let u(s) = s**2 - 5*s + 4. Let x be u(5). Let f = -4 - -4. Suppose -x*t = -f*t - 52. Calculate the greatest common factor of 13 and t.
13
Let c(r) = 2*r**2 + 11*r - 8. Let s be c(-9). Calculate the greatest common factor of 10 and s.
5
Suppose -24 = -0*g - 4*g. Suppose d - g = 1. Suppose 4*n - 248 = -b, 5*n + 2*b = b + 311. Calculate the greatest common factor of n and d.
7
Let q(k) = -k**2 + 8*k + 4. Let f be q(6). Suppose 0*m - 6 = 2*u - m, -5*m + f = 4*u. Let d be u*(-128 - 0/2). Calculate the highest common divisor of d and 16.
16
Let y be -2*-2*42/8. What is the highest common divisor of 189 and y?
21
Let q = 17 + -17. Suppose -m - 2*g - 5 = q, 2*m - 2*g - 20 = -0*m. Calculate the greatest common factor of m and 40.
5
Let x(u) = u**3 + 8*u**2. Let d be x(-8). Suppose -4*r - 5*y + 110 = d, 3*r - 5*y + 0*y - 65 = 0. What is the highest common factor of r and 75?
25
Let k(l) = l**3 + 8*l**2 - l + 2. Let b be k(-8). Let y = b - 5. Let v(c) = c**3 - 3*c**2 + 2*c. Let n be v(y). What is the greatest common divisor of 24 and n?
12
Suppose -18*x + 10*x = -1768. Calculate the highest common divisor of 13 and x.
13
Suppose -3*p - 9 = -4*p. Let x be p - (-12)/(5 - 1). What is the highest common divisor of 60 and x?
12
Suppose -y + 7 + 9 = 0. Let m = -10 + y. Calculate the greatest common divisor of m and 24.
6
Let q be ((-40)/5)/(2/(-3)). Suppose 0*j - q = -3*j. Suppose -o - 3*f = f - 18, -f = -j*o + 38. Calculate the highest common factor of o and 2.
2
Suppose -3*z = 2*u - 0*z - 15, z + 63 = 5*u. What is the greatest common factor of 30 and u?
6
Suppose -18 + 3 = -5*h, 5*b - 3*h = 191. What is the highest common divisor of 60 and b?
20
Let a be (-3)/((-1)/3*1). Suppose -4*h + h - 18 = -2*s, s + 4*h = a. Calculate the highest common factor of s and 9.
9
Let v be 1281/28 - 6/8 - -3. Calculate the highest common factor of 32 and v.
16
Suppose -54 = -2*g - g. Let r(z) = -103*z - 8. Let s be r(-2). What is the highest common divisor of g and s?
18
Suppose q = b - 108, 4*q + 3*b = 138 - 577. Let g = -45 - q. What is the greatest common factor of 8 and g?
8
Let c(x) = -2*x + 2. Let f be c(-3). Calculate the highest common factor of 4 and f.
4
Let b(k) = k**3 - 3*k + 1. Let p = 0 - -2. Let s be b(p). Suppose 0 = -3*d + 4*d - 33. What is the highest common divisor of d and s?
3
Suppose -d + 3*d = 78. Suppose -d = -4*l + l. What is the highest common factor of l and 143?
13
Let h be 1 - 0*(-1)/3. Let f = -2 + h. Let p be 1 + f + (0 - -28). Calculate the highest common divisor of 42 and p.
14
Let v = 1 - -3. Suppose 0 = -o - 3*n - 34 + 130, -v*o + n + 332 = 0. Suppose -4*h - 7 = -55. Calculate the highest common divisor of o and h.
12
Let p be 4/(-18) + (-1950)/(-27). What is the highest common factor of p and 9?
9
Suppose 5*v - 3*v = -122. Suppose 84 = 4*u - 484. Let m = v + u. Calculate the greatest common divisor of 9 and m.
9
Suppose -5*l - 53 = 2*r - 7, -2*l - 5*r = 31. Let x be (l/3)/(8/(-204)). Calculate the greatest common divisor of 17 and x.
17
Suppose -3*x + 401 = 2. Let h = x + -32. Let f = h - 71. Calculate the highest common factor of f and 20.
10
Suppose -2*a = -75 - 35. Let b be 9/(-6) + 141/6. Calculate the greatest common divisor of b and a.
11
Let z(o) = -2*o**3 - 5*o**2 + 3*o + 2. Let b be -2 - -3 - 6/1. Let l be z(b). Calculate the highest common divisor of 16 and l.
16
Let o = 7 + 16. What is the highest common divisor of 184 and o?
23
Let c(j) = -j**3 + 11*j**2 - 10*j - 4. Let l be c(10). Let k be 2 - (l + 8 + -3). Suppose 0 = 2*d - 7*d + 55. What is the greatest common divisor of d and k?
1
Suppose -b = 4*t + 2, 2*b + 4 = 3*t + 22. Let m be ((-18)/(-2))/((-3)/(-12)). What is the highest common factor of m and b?
6
Let h(u) = 17*u**2. Let y be h(-1). What is the highest common divisor of y and 187?
17
Let o be (-4)/(-18) + (-70)/(-9). What is the highest common factor of o and 88?
8
Let b(w) = 2*w + 1. Let n be b(-11). Let h = -22 - -2. Let j be n/(-15) - (-8)/h. Calculate the highest common divisor of 2 and j.
1
Let d(w) = -w + 14. Let h be d(5). What is the highest common factor of 99 and h?
9
Let m(q) = 3*q**3 - q**2 + q. Let c(b) = b**3 - b**2 + b. Let p(h) = -5*c(h) + 2*m(h). Let w be p(-3). What is the highest common factor of 27 and w?
9
Let v = -27 - -40. Suppose -v = 3*l - 2*w - 47, 2*l + 4*w = 28. What is the highest common factor of l and 60?
12
Let y be 168 + 3 + (-2 - -3). Suppose 0 = -3*c - 5*h - 7 + y, -h = 3*c - 177. What is the highest common divisor of c and 15?
15
Let n = -22 - -16. Let k = n - -11. Calculate the highest common divisor of 5 and k.
5
Suppose 2*h - 184 = -6*h. Let z = -9 + 16. Let v = h - z. Calculate the greatest common divisor of v and 48.
16
Let o = 448 + -144. What is the highest common factor of o and 38?
38
Let m be (7*10)/(1/2). Suppose m = 4*v + v. Suppose -f - 5*j + 0*j + 11 = 0, -2*f - 4*j = -v. What is the highest common divisor of 24 and f?
8
Let p(z) = z**3 + 16*z**2 + 9*z. Let s be p(-15). Calculate the highest common divisor of s and 10.
10
Let s = 1 + 4. Suppose -3 = -s*j + 7. Suppose 5*x - 122 = -2*w, -j*w + 5*w + x - 170 = 0. Calculate the highest common divisor of 8 and w.
8
Suppose 4*t = -3*v - 180, -77 = 2*t + 4*v + 23. Let n = t + 63. Let u = 16 - 2. What is the greatest common factor of n and u?
7
Suppose -5*f + 2*f = -99. Suppose 55 = 5*s - 0*s. What is the highest common divisor of f and s?
11
Let m(f) = f**2 - 7*f - 3. Let t be m(10). Calculate the greatest common divisor of t and 9.
9
Let k = 343 + -193. Suppose -5*j - 4*w + 79 = 0, 0 = -2*j - 0*w + 4*w + 26. Calculate the greatest common divisor of j and k.
15
Let a = 18 - 14. Suppose -3*l + 80 = -l. What is the highest common factor of a and l?
4
Suppose 0 = -5*y + 5 + 5. What is the greatest common divisor of 18 and y?
2
Let o(q) = q**2 - 8*q + 10. Let g be o(9). Let l = 36 - g. Let y = 15 - -2. Calculate the highest common divisor of l and y.
17
Suppose 2*y + 3*y - 95 = 0. Let z = y - -5. Calculate the highest common divisor of z and 3.
3
Suppose -u - 53 = -5*y, -3*u = 4*y + y - 41. Let x = 17 - y. What is the greatest common divisor of 14 and x?
7
Let p = 30 - 12. Let l be (-3*27)/(18/(-12)). What is the greatest common factor of p and l?
18
Let x(u) = 25*u**2 - 3*u + 1. Let i(r) = -3*r - 1. Let m be i(-1). Let h be x(m). Let k be (2 + 11 + 6)/1. Calculate the greatest common factor of k and h.
19
Suppose -3*s = 3*j - 132, -4*j = -2*s + 69 + 13. Suppose 0 = -5*c + t + s, 0 = -0*t - t + 2. Calculate the highest common factor of c and 9.
9
Suppose -3*b + 47 = -2*b. Let f = b - 32. Calculate the greatest common factor of 60 and f.
15
Let s(w) = w + 4. Let r be s(-9). Let q(a) = -3*a + a**2 + 5*a**2 - 6 + 0*a + a**3. Let n be q(r). Calculate the highest common divisor of 17 and n.
17
Let j(i) = -2*i - 9. Let f be j(-6). Suppose f*y + 0 = 6. What is the greatest common divisor of y and 14?
2
Let i be (-2)/(2/1)*-1. Let t = 3 - i. What is the greatest common divisor of t and 2?
2
Suppose -2*z - 6 = -4*z. Let b = 13 +